Suppose c - 5 = -5*a, -3*a = 2*a - 2*c + 10. List the prime factors of 1729/38*(s - a).
3, 7, 13
Let c(z) = 3*z + 50. Suppose -3*y = -0*f + 3*f - 51, -2*y + 2*f + 22 = 0. What are the prime factors of c(y)?
2, 23
Suppose p = -4*v - 0 - 2, -6 = -4*p - 2*v. What are the prime factors of 14/(p - (-1296)/(-654))?
7, 109
Suppose -3*z - 15*j + 10*j = 2596, 2592 = -3*z - 3*j. Let v = z + 1742. List the prime factors of v.
2, 5, 11
Let z be (1/(-3))/((-2)/36 - 0). Let r be z/15 - ((-17)/(-5) - 3). Suppose f - 115 = -2*w, 0 = -w - r*w + 3*f + 61. List the prime factors of w.
2, 29
Suppose 66*a = 57*a + 3096. Suppose 339*w + 1320 = a*w. What are the prime factors of w?
2, 3, 11
Let m = -39659 + 59746. What are the prime factors of m?
53, 379
Suppose -85*i + 23832 = 2*a - 83*i, 4*i = -a + 11934. What are the prime factors of a?
2, 3, 5, 397
Let d(v) = -2*v**3 - 5*v**2 + v + 10. Let g(y) = 242*y - y**2 - 242*y - 1. Let l be g(-2). List the prime factors of d(l).
2, 5, 13
Let u = -440 - -743. Let v = 31 + u. What are the prime factors of v?
2, 167
Let j(g) = 2 + 260*g**3 - 667*g + g**2 + 665*g - 1. What are the prime factors of j(1)?
2, 5, 13
Suppose 3*m + 3*s - 99 = -m, 2*m + s = 49. Suppose 108 = -m*n + 25*n. What are the prime factors of n?
2, 3
Suppose -5*y = -c + 5966, 11902 = -7*c + 9*c - 4*y. What are the prime factors of c?
13, 457
Let w = 171 + -167. List the prime factors of w + (-24)/20*1940/(-6).
2, 7
Suppose -2*d + 22 = 2*q, 5 - 29 = -2*q - 3*d. Suppose -q*i + 2*o = -8*i - 27, -i - o + 39 = 0. What are the prime factors of i?
5, 7
Suppose 2213 = 2*l + 5*j - 44, -2*l - 2*j + 2242 = 0. What are the prime factors of l?
2, 3, 31
Suppose 22*p - 177625 = 37777. What are the prime factors of p?
9791
Suppose -7*o = -5*o + 42. List the prime factors of 3691*4/28 - (-6)/o.
17, 31
Suppose -9*s = -12*s - 591. Let n = 227 - s. What are the prime factors of n?
2, 53
Let r = 109 - 108. Let o be (-3 - r)/(2/4). What are the prime factors of (1027/4 + (-2)/o)*1?
257
Let y = -27 - -38. Let h = y - 8. Suppose h*v - 4*p - 15 = 0, 25 = 6*v - v - 2*p. What are the prime factors of v?
5
Let s(x) = 2*x**2 - 8*x - 14. Let t(l) = l - 13. Let r be t(9). Let u be (-2 + 46/r)*4/(-6). What are the prime factors of s(u)?
2, 19
Suppose -7*x - 33 + 5 = 0. Let l = x + 8. Suppose -l*h + a = -182 - 258, 0 = a + 4. What are the prime factors of h?
109
Suppose 5*p + 19556 = 5*d - 819, 5*d = -2*p + 20361. What are the prime factors of d?
4073
Let n = -11489 + 20790. What are the prime factors of n?
71, 131
Suppose u + 2*y = 14, -5*y - 6 = -u - 3*y. Let p be (-6)/(-20) + 28/(2520/162693). Suppose -2*r + u*r = p. List the prime factors of r.
2, 113
Let n be -17*(-1)/4*(33 + 79). Suppose -8*a = -5164 - n. List the prime factors of a.
3, 5, 47
List the prime factors of 1870864/22 + 1952/2684.
2, 5, 1063
Suppose 4130 = -4*f + 17422. Suppose 0 = -16*i - f + 9115. What are the prime factors of i?
2, 181
Let m be 2*(-5)/10 + 764. Suppose k - 193 = 2*l, 4*k - m = 2*l + 3*l. What are the prime factors of k?
11, 17
Suppose -g + 5*d = -348, 9*g - 4*g = 5*d + 1680. Suppose -3*c = -k - g - 77, 0 = -4*c + 3*k + 545. What are the prime factors of c?
137
Let p(r) = 2*r**3 + 39*r**2 - 5*r - 112. Let v be p(-56). What are the prime factors of 4/14 - v/245?
2, 467
Let t be 34/(-10) - (-12)/(-20). Let j(g) = -2*g**2 + 2*g + 13. Let x be j(t). Let n = x + 52. List the prime factors of n.
5
Suppose 0*u + 582 = -j - 2*u, 4*j + u + 2300 = 0. Let v = -163 - j. List the prime factors of v.
3, 137
Let t = 260 - 330. What are the prime factors of ((-15)/(-2))/((-1)/t)?
3, 5, 7
Let m(p) = 5*p**3 + p**2 + 34*p - 466. List the prime factors of m(10).
2, 3, 829
Suppose -437291*c - 188094 - 439371 = -437306*c. List the prime factors of c.
59, 709
Let z = 350 + 134. Let t = z + -97. What are the prime factors of t?
3, 43
What are the prime factors of (-5392 + 1)/(-9) + 0?
599
Let a be (-24)/9 - (-440)/66. Let r be (0/(-1))/(-1) + 307. Suppose 39 = -a*f + r. List the prime factors of f.
67
Suppose -3*h = -4*r + 12011, -18*r + 15*r = -5*h - 9011. Suppose -r + 11780 = 21*u. List the prime factors of u.
2, 11, 19
Let i = 94 - 5. Suppose -3*h + 5*z + 71 = 0, 5*h - 3*z - i = -2*z. Suppose -7*g + h = -6*g. List the prime factors of g.
17
Let h be (-7 + 16 - 140) + -1. What are the prime factors of ((-2)/(-8))/(33/h) - -402?
401
Suppose 2*l + 0*l - 16 = -4*c, 0 = -2*c - 5*l. Suppose -4533 = -c*d - i, 0 = 10*d - 5*d - 2*i - 4524. List the prime factors of d.
2, 3, 151
List the prime factors of (-10 - 512/(-48))/((-5)/(-17370)).
2, 3, 193
Let v = 2 - -3. Let k(u) = -4*u + 41. Let m be k(3). Suppose -z = h + 2*z - m, -5*z = -v*h + 105. List the prime factors of h.
23
Suppose -2 = a, -16*l = -13*l - 4*a + 2596. Let q = l - -1288. List the prime factors of q.
2, 3, 5, 7
Let y(s) = 239*s + 759. What are the prime factors of y(29)?
2, 5, 769
Suppose 2*n = 2*s - 1304, -5*s + 0*s = n - 3254. Suppose 5*k + 2*f - 171 + s = 0, 0 = k + 5*f + 119. Let h = k + 206. List the prime factors of h.
2, 7
What are the prime factors of 3350199/(-3548)*((-2)/4 - 92/8)?
3, 1259
Let n = 9812 - 5057. Suppose n = 20*w + 995. List the prime factors of w.
2, 47
Let c = 13 + 17. Suppose 3*t + c = 4*p, -5 = p - 2*p + 2*t. Suppose 0 = p*f - 12*f + 321. What are the prime factors of f?
107
Suppose -5*v - 5*d = -18310, -4*v - 18*d + 14669 = -21*d. What are the prime factors of v?
5, 733
Let z(l) = -238*l + 9299. List the prime factors of z(-67).
3, 5, 11, 17
Suppose 7*w = 19*w + 12. What are the prime factors of (-2592 + -14)/(-3 - w)?
1303
Let r be ((-11148)/(-2))/6 + 3. Suppose -5691 = -5*c - 3*y, -5*y + 3197 = 2*c + r. What are the prime factors of c?
2, 3, 5, 19
Let f be (-9)/(-12)*184/6. List the prime factors of (-2)/8 - ((-228275)/20)/f.
2, 31
Suppose 0 = 3*l - 3, -2*o + o = -l - 5. Suppose 0 = 5*u - 31 + o. Suppose 4*x = -u*c + 192, -4*x + c + c = -220. List the prime factors of x.
53
Let x(h) = -4*h - 4*h + 9*h - 2*h + 5 - h**2. Let p be x(-3). List the prime factors of 3924/20 + p/5.
2, 7
Let c(x) = 3*x**2 + 2 - 4*x + 4*x**2 + 0*x**2 - 6*x**2. Let m be c(11). Suppose m = 3*f - 155. What are the prime factors of f?
2, 3, 13
Let h(q) = -q**3 + 10*q**2 - 16*q. Let a(x) = -8*x**3 + x**2 + 2*x - 2. Let u be a(1). Let m be (4/(-6) + (-2)/6)*u. What are the prime factors of h(m)?
5, 7
Let z = -19078 - -29780. What are the prime factors of z?
2, 5351
Suppose -y - 121436 = -3*j, -58*j - y - 40476 = -59*j. What are the prime factors of j?
2, 5, 11, 23
Let a(k) = 45*k + 22 - 27 + 25*k + 112. What are the prime factors of a(7)?
3, 199
Suppose -38*g - 21 = -41*g - 3*v, -4*g + v + 18 = 0. Suppose -15*r + 14*r - 3*t + 1746 = 0, -3*r - g*t + 5242 = 0. List the prime factors of r.
3, 11, 53
Let l(n) = -8*n**3 + 6*n**2 + 18*n + 42. Let m(y) = -7*y**3 + 3*y**2 + 19*y + 43. Let q(f) = 6*l(f) - 7*m(f). List the prime factors of q(-16).
5, 19
Let l = -35756 - -92066. What are the prime factors of l?
2, 3, 5, 1877
Let b = 168 - 99. Let r = -78 + b. Let k = 70 - r. List the prime factors of k.
79
Let r(u) = u**3 - 16*u**2 + 16*u - 12. Let j be r(15). List the prime factors of (j - 5)/(2/(-398)).
2, 199
Let k be (-9)/2*-472 + 0 + 2. Suppose 0 = -b + 1351 + k. List the prime factors of (-4)/(-18) - b/(-27).
3, 43
Suppose 45*k - 43*k = 0. Let x(b) = -1 + k*b**3 + b**3 + 3 + 6*b - 10*b**2 + b**3. What are the prime factors of x(7)?
2, 3, 5
Suppose -5*d + q + 46557 = 0, -3*q + 37257 = 337*d - 333*d. What are the prime factors of d?
2, 3, 97
Suppose -r + 27*r - 205764 = 0. Suppose 25*w - 2061 = r. What are the prime factors of w?
3, 7, 19
Let r(s) = -4*s**3 - 3 - s**2 - 18*s + 3*s - 5*s**2 + 6*s. Let g be r(-4). Suppose 276 = 7*c - g. What are the prime factors of c?
67
Suppose -27 = -21*i + 57. Suppose 0 = -15*p + 14*p. Suppose p = -4*m + b + i*b + 493, -2*b = -4*m + 502. List the prime factors of m.
127
Let z = -3548 + 6214. What are the prime factors of z?
2, 31, 43
Suppose 9*o = -6*o - 2955. Let z = o - -340. What are the prime factors of z?
11, 13
Let x = -419 - -2047. Let u = x + -802. List the prime factors of u.
2, 7, 59
Suppose -3002 = -4*x - 5*o + 3*o, -5*o = -2*x + 1519. Suppose 0 = -5*t + c - 292 + 1556, -c + x = 3*t. Suppose 4*j + 5*j - t = 0. List the prime f